pose 5*v = 5*t - 0*v - 70, t + 4*v = b. Suppose -w + t = 3*w. Let k(f) = 2*f**2 - f - 1. What is k(w)?
14
Let n(l) = -l**2 + 16*l - 19. Suppose 97 = 16*b - 79. What is n(b)?
36
Let q(h) = -37*h**2 - 4*h + 5. Let u be 37/1776 + 94/96. What is q(u)?
-36
Let p(x) be the third derivative of -x**6/360 - x**5/15 - 3*x**4/8 + 139*x**3/6 + 164*x**2 - 2. Let n(w) be the first derivative of p(w). Determine n(-6).
3
Let v(c) = 5*c - 99. Let x be v(21). Let z(q) = -13*q + 14. Determine z(x).
-64
Let r(s) = 1328*s - 662*s + 10 - 667*s. Let j be 9 - 3*1/1. Calculate r(j).
4
Let c = -65 - -65. Suppose b - 5 - 1 = c. Let g(m) = -m**3 + 15*m**2 - 4. Let s(w) = w**3 - 16*w**2 + 3. Let j(o) = b*s(o) + 7*g(o). Determine j(9).
-10
Let g be 70/(-20)*(-4)/(-7). Let r(v) be the third derivative of -3*v**4/8 - v**3/3 + 52*v**2 + 2*v. Determine r(g).
16
Let o = -207 + 101. Let v = 97 + o. Let y(m) = -m**3 - 8*m**2 + 9*m - 10. Give y(v).
-10
Let h(x) = -11*x**3 + 48*x**2 - 108*x + 90. Let j(a) = -14*a**3 + 64*a**2 - 144*a + 119. Let w(t) = 9*h(t) - 7*j(t). Calculate w(-18).
-23
Let b(o) = -5*o + 74. Let z(j) = -2*j + 28. Let c(d) = -4*b(d) + 11*z(d). Suppose 0*g = -4*g. Calculate c(g).
12
Let c(n) be the first derivative of n**6/360 + n**5/40 - n**4/4 - n**3 - 24*n + 77. Let b(w) be the third derivative of c(w). Determine b(-5).
4
Let c(g) = -g**2 - 11*g + 6. Let b be c(-11). Let s(a) = -6*a + 3451 - 1722 - 1725. What is s(b)?
-32
Suppose 2*h - 4*c + 16 = 26, 0 = 3*c. Suppose -4*i + 5*t - t = 0, 4*i + h*t = 0. Let o(a) = 2*a - 1. Let j(k) = -5*k + 2. Let p(u) = 3*j(u) + 8*o(u). Give p(i).
-2
Let t(v) = -2*v**2 + v + 45. Let x(y) = -4 + 27 + 4*y**2 + 4*y**2 - 9*y**2. Let s(a) = -3*t(a) + 5*x(a). What is s(7)?
8
Let l(v) = v - 10. Let c = 49 - 58. Let j be l(c). Let q = j - -20. Let t(z) = -9*z**3 - 2*z + 1. Determine t(q).
-10
Let b(a) = 143*a**3 + 8*a**2 - 10*a. Let s(p) = 24*p**3 - p + 2. Let g(m) = -b(m) + 6*s(m). Determine g(7).
-9
Let c(p) = 3 - 8*p - 2 + 2*p. Let m(z) = 3*z**2 - 52*z - 94. Let v be m(19). Determine c(v).
-5
Suppose 0 = -38*r - 72*r - 22*r + 3036. Let y(w) = w**2 - 23*w + 26. Determine y(r).
26
Let v(d) = -d**3 - 5*d**2 - 2*d. Let t = -27 - -32. Suppose t*c - 1 = 19. Let p be (-8)/(5 - c) - -3. Give v(p).
10
Let v(r) = -r**2 - 16*r + 6. Let q = -48 + 33. Give v(q).
21
Let h(w) be the third derivative of -w**6/120 - w**5/12 - w**4/8 + w**3/3 - 3*w**2 - 17*w. Calculate h(-4).
-2
Let k(p) = 1. Let l(n) = -n**3 + 5*n**2 - 2*n - 2. Let i(c) = 5*k(c) - l(c). Let t be i(3). Let q(m) = 1 - 5*m - 4*m + 12*m. Give q(t).
-14
Let f(i) be the second derivative of i**3/6 - 2*i**2 + 195*i - 16. What is f(14)?
10
Let d = -48 - -51. Let m(f) = -f**2 - 1 - f - 352966*f**d + 352968*f**3 - f. Calculate m(-1).
-2
Let j = -163438 + 163437. Let n(h) be the third derivative of h**4/8 + h**3/6 - h**2. Determine n(j).
-2
Let j(f) = f**2 - f + 7. Let w(c) = -4*c**2 + 3*c - 21. Let y(r) = -7*j(r) - 2*w(r). Give y(0).
-7
Let z(p) = 10*p - 28. Let k(j) be the second derivative of j**3/6 - j**2/2 - 87*j - 1. Let v(c) = -12*k(c) + z(c). What is v(-8)?
0
Let z be (-5 - -8) + 0 + 1. Suppose -4*x + h - 49 = 0, -2*x - 53 = x - z*h. Let u be (-1)/33*6 - 57/x. Let l(k) = -2*k + 5. What is l(u)?
-5
Let a(b) = b**2 + 39*b - 175. Let z(k) = -k**3 + 46*k**2 - 304*k + 4. Let u be z(38). Determine a(u).
-3
Suppose -12 - 2 = -2*k - 2*a, 0 = -5*k + 3*a - 5. Let n(i) = 5 - 14 + i**2 + 8*i + k. Determine n(-7).
-14
Let n = 2617 - 2618. Suppose 0 = 3*i + i. Let m(k) = i*k - k - 8*k. Give m(n).
9
Let k(w) be the second derivative of -5*w**3/6 + 19*w**2/2 - 4*w. Let v = -97998 - -98001. Give k(v).
4
Let h(a) = -a**3 - 6*a**2 - 7*a. Suppose 7*f + 96 = 4*f. Let b be -1 + f - (-8 - -12). Let i = b + 32. What is h(i)?
10
Let d(f) = f**2 - 6*f - 8. Let o = -12 + 7. Let n(t) be the second derivative of -t**4/12 - 2*t**3/3 + 11*t**2/2 + 5*t - 7. Let x be n(o). Calculate d(x).
-8
Let y(f) = -f + 3. Suppose 3*j - 26 = -j - 3*o, -5 = j - 5*o. Suppose 5 = -j*z + 6*z. Determine y(z).
-2
Let i(h) = -h**3 + 36*h**2 + 36*h + 38. Let o(u) = -u**3 + 51*u**2 - 57*u + 387. Let y be o(50). Give i(y).
1
Let a(m) = -2*m**2 - 2*m. Suppose 7*r = 3*t - 26, -30 = 5*t - 18*r + 21*r. Give a(t).
-12
Let k(h) = -h**2 + 10. Let s(j) = j**2 - j - 8. Let w(y) = 2*k(y) + 3*s(y). Suppose l = -4*l + 25. Calculate w(l).
6
Let q = -10972 - -10970. Let v(n) = n + 3*n**3 - n**2 - 2*n - 4*n**3. Determine v(q).
6
Let i be (5 - 2)*14/21. Let c(d) = -7*d + 83 + d**i - 89 - 2*d**2. Let q(h) = h**3 + 19*h**2 + 19*h + 12. Let r be q(-18). What is c(r)?
0
Let a(z) = 1. Let o = 275 - 271. Let b(d) = d + 5. Let k(f) = o*a(f) - b(f). Let u be 2/((2/(-7))/(-1)). Give k(u).
-8
Let u(c) be the third derivative of -c**6/120 + 31*c**5/60 + 8*c**4/3 + 23*c**3/2 - 39*c**2. Let g be u(33). Let m(w) = -w**2 + 2*w - 1. Determine m(g).
-4
Suppose 0 = 4*h + 5*f - 185, 4*h + 3*f + 0*f - 183 = 0. Let u(o) = -o + 42 + 4*o**2 - h + 3*o + o**3. Let z be u(-3). Let n(t) = -t - 4. What is n(z)?
-4
Let k = 1975 + -1969. Let v(d) = -11*d + 23. Let f(t) = 23*t - 46. Let x(g) = -6*f(g) - 13*v(g). Determine x(k).
7
Let u(y) = 7*y + 51. Let p(t) = -t**2 + 347*t - 1376. Let g be p(4). What is u(g)?
23
Let a(w) = -2*w**3 + 19*w**2 + 12*w - 5. Let g be (260/117)/(10/45). What is a(g)?
15
Let g(x) = 14*x**3 + 33*x**2 + 4*x. Let p(a) = -3*a**3 - 7*a**2 - a. Let k(c) = 4*g(c) + 19*p(c). What is k(-2)?
10
Let h(t) = 190*t + 25. Let b(y) = -88*y - 13. Let s(a) = -13*b(a) - 6*h(a). What is s(-7)?
-9
Let r be (147/(-9))/7*(42 + -39). Let t(h) = -h**3 - 8*h**2 - 9*h + 2. Give t(r).
16
Let h(r) = 6 + 13 - 5*r + 2*r + 11*r + 0*r. Give h(-5).
-21
Let n(l) = -5*l**2 + 27*l - 17. Let t(w) = -14*w**2 + 72*w - 49. Let h(g) = 11*n(g) - 4*t(g). Determine h(-5).
-11
Let o(n) = n**3 - 11*n**2 - n + 13. Let f = 10035 - 10024. What is o(f)?
2
Suppose 4*s + k - 1 = 0, -2*s - 6*k - 4 = -4*k. Let f be ((1 - 2) + 3)*s. Let n(i) = i + 12 - i**3 - 6*i**f + 0*i - 11. Determine n(-6).
-5
Let c(a) = -a + 27. Suppose -745*k + 377*k - 182 = -381*k. What is c(k)?
13
Let u = 7570 - 7577. Let m(o) = o - 5 + 0 + 1. Give m(u).
-11
Let l be 25/(100/8) - -28. Let h(z) = -z**2 + 31*z + 23. Calculate h(l).
53
Let g be 288/4 + (-3)/(-2)*2. Let l = g - 45. Suppose 7*o = 2*o - l. Let k(i) = -i**3 - 5*i**2 + 9*i + 8. Determine k(o).
-10
Let i = -2 - 2. Let a(q) be the first derivative of -q**5/24 + q**4/8 + 122*q**3/3 - 6. Let u(r) be the third derivative of a(r). Determine u(i).
23
Let j(u) = 9*u + 3*u - 12 - 1 - 22*u. Give j(-1).
-3
Suppose 66*j - 71*j = 5*l - 5, 0 = 2*j + 3*l - 6. Let q(k) = -k**2 + 2*k. Give q(j).
-15
Let h(f) = 29*f + 171. Let u(q) = q - 7. Let t(v) = h(v) - 2*u(v). Let y be t(-7). Let o(c) = -3*c + 0 - 5 - 1. Calculate o(y).
6
Let r(s) = s**3 + 7*s**2 + 8*s + 5. Let b be 2 + 6/33 + 636/132. Suppose -2 = i - n + b, -4*n = 4*i + 4. Give r(i).
15
Let z(w) = 14*w + 14*w - 11 - 35*w - 6 + 10. Calculate z(-2).
7
Let b(g) be the third derivative of -g**6/120 - 7*g**5/30 + 5*g**4/24 + 28*g**3/3 + g**2 + 4*g - 47. Calculate b(-14).
-14
Let z = 6 + 13. Let m = -12 + z. Let l(r) = -9*r**2 - 4*r**3 + 2*r**2 - 59 + 5*r + 5*r**3 + 27 + 38 - r**2. Calculate l(m).
-8
Let l(d) = 2*d**2 + 3*d + 75. Let u(b) = 7*b**2 + 12*b + 280. Let f(j) = -11*l(j) + 3*u(j). Give f(-2).
5
Let p = 24 - 20. Let s(k) = 18*k**3 - 20*k + 9*k - 4*k**2 + 2*k**2 + 8*k. Let g(h) = -37*h**3 + 4*h**2 + 5*h. Let i(t) = p*g(t) + 7*s(t). Determine i(1).
-21
Let f(i) = 21*i**3 + 29*i**2 + 26*i - 43. Let l(q) = -46*q**3 - 59*q**2 - 53*q + 87. Let n(d) = -11*f(d) - 5*l(d). What is n(-23)?
-8
Let b(a) be the third derivative of a**6/120 - 11*a**5/20 - 71*a**4/24 + 25*a**3/3 - 578*a**2. Calculate b(35).
15
Let t(q) = -q**3 + 24*q**2 + 26*q - 16. Suppose -10*f - 34*f = -1100. What is t(f)?
9
Let o = -83 + 89. Let r(z) = 12927*z**2 + 3 + 0*z - 7*z - 12926*z**2. Give r(o).
-3
Suppose 3*z - 8 = -5. Suppose g = 6 - z. Let c(t) = 22*t - 12. Let j(h) = 9*h - 5. Let f(w) = 5*c(w) - 12*j(w). What is f(g)?
10
Let d be (-4)/6 + (-112)/(-24). Suppose a - 20 = -d*m - 3*a, 5*m - 35 = 5*a. Let n(y) = y**3 - 7*y**2 + 7*y - 4. Determine n(m).
2
Suppose 10*l + 9 = d + 5*l, -126 = -5*d - 2*l. Let r = d + 52. Let h = -82 + r. Let i(v) = -v**2 - 2*v + 6. What is i(h